 = -18 + 23. Suppose -h*u - 1228 = -9*u. Is u composite?
False
Let g(k) = -k**2 - 14*k + 3. Let p be g(-8). Let h = 30 - 1. Let z = p - h. Is z a composite number?
True
Let b(s) = -103*s**2 + 13*s + 15. Let i(n) = 52*n**2 - 7*n - 8. Let u(k) = -3*b(k) - 5*i(k). Suppose -2*j + 3*j + 4*y = 2, -y - 3 = 2*j. Is u(j) a prime number?
True
Is 1 + 6 + (7150 - (-30)/(-5)) a composite number?
False
Let v = 1588 + -1261. Is v a composite number?
True
Suppose 5*l = -n + 1163 + 4138, -5*n - 5*l = -26565. Let k = -3472 + n. Suppose 2*s + k = 2*a, 0*s - 2*s - 2761 = -3*a. Is a prime?
False
Suppose s + 4*s + 93 = 4*y, 4*s - 4*y = -76. Let j be s - (-2 + 0) - -3. Is j/8*148/(-6) composite?
False
Suppose -113 = 3*x + 7. Let s = x - -20. Let y = s - -57. Is y a composite number?
False
Let m be 1 - 1*55/(-5). Is 416/m - (-4)/(6*2) prime?
False
Suppose 0 = z - 2*f - 478 - 4007, -4473 = -z - 4*f. Is z a prime number?
True
Suppose 0*u = -2*u + 2126. Let q = u + -728. Let p = -238 + q. Is p a prime number?
True
Let f = -2 - 0. Let n be 4/(5 - 3) - f. Suppose -2*m + 422 = n*k, k + 5*m + 38 - 139 = 0. Is k a prime number?
False
Let d(k) = -k**3 - 11*k**2 - 2*k - 15. Let o be d(-11). Suppose 33 = 5*r - o. Suppose -5*y = -r*y + 417. Is y a prime number?
True
Suppose -17*g = -16*g + 4*b - 93991, 3*b = -g + 93989. Is g a prime number?
True
Let f(w) = -4*w - 4. Let q be f(-5). Suppose 16 + q = -5*z - 2*b, -z = -4*b + 24. Let x(a) = -14*a + 9. Is x(z) composite?
True
Suppose 7 = -3*t + 40. Suppose 0 = u - t*u + 6970. Is u prime?
False
Suppose -2*u + 301 = 53. Suppose 0 = 3*d + d - 4*i - u, 2*i = -6. Is 8/d + 355/7 composite?
True
Let t(l) = 10*l**3 - 2*l**2 - 5*l - 22. Is t(9) composite?
True
Let m(k) = 2385*k - 49. Is m(8) a composite number?
False
Let o(y) = -y**3 + 8*y**2 + 8*y + 8. Let w be o(9). Is 555/7 + (45/(-35) - w) a composite number?
False
Suppose 0 = 5*u + 5*w - 5780, -w - 1779 = 3*u - 5237. Is u prime?
True
Let a be 10/35 - 18/14. Let j = 11 + a. Let m(f) = -f**3 + 11*f**2 - 6*f - 9. Is m(j) a composite number?
False
Suppose -3*q + 3*l + 1194 = -9519, -4*q - 5*l = -14284. Is q composite?
False
Let x(o) = -o**3 + 6*o**2 - 3*o - 2. Let g be x(5). Let i be g/(-3 - 166/(-54)). Let c = i + -50. Is c prime?
False
Suppose 8*d - 45317 = 19827. Is d composite?
True
Suppose -5*v - 10*i = -9*i - 2041, -3*i = 4*v - 1624. Is v composite?
False
Let h be (10 + -9)*(6 + 0). Let t(r) = r**3 - 8*r**2 + 4*r - 1. Let u be t(h). Let w = u + 70. Is w a prime number?
False
Let x be (-1565729)/(-66) - 3/18. Suppose -15*p + 8*p = -x. Is p a prime number?
True
Suppose -2*p = 4*t + 8, 3*p + 5*t = -p - 7. Suppose -5*l + p*f = -3 + 1, -5*l + 14 = f. Suppose -j = -53 - l. Is j prime?
False
Suppose 4*s + 2 = 10. Suppose s*q = q - 4. Is (20/25)/(q/(-130)) composite?
True
Let h be 11/(-4) + (-21)/(-28). Let c be 444*(h - 57/2). Is (-4)/14 - c/14 prime?
True
Let m = 10 + 12. Suppose m*j - 17*j = 2485. Is j prime?
False
Is 7/49 + (-42951)/(-7) + -5 prime?
True
Let c(k) = 85*k**3 - k**2 + 14*k - 6. Let t be c(6). Is t/36 - 2/12 a prime number?
False
Let w(r) = -46*r**3 + 2*r**2 + 8*r + 2. Suppose -8*m = -4*j - 5*m - 2, 3*m + 6 = 0. Is w(j) a prime number?
False
Let b = -12081 + 28460. Is b a composite number?
True
Let j = 3442 + 4747. Is j prime?
False
Suppose 9089 = 6*o - 34027. Is o composite?
True
Suppose -3*h + 5*d + 1028 = 0, 2*h + 4*d - 546 = 132. Let x = h - 163. Is x a prime number?
False
Suppose -2*l + 2*k + 6 = 0, -13 = -4*l - k - 6. Let w be l/(-3*(-4)/(-708)). Let h = 279 - w. Is h a prime number?
True
Let b(g) = 2*g + 5. Let x be b(-25). Let d = 133 + -53. Let y = x + d. Is y a prime number?
False
Is 56093/3 - 22/33 a composite number?
True
Let r be (-6)/(-14) - 33/(-21). Suppose 5*x - r*x = 963. Is x composite?
True
Let y = 4 - 6. Let u be (0*(-4)/(-8))/y. Suppose u = -5*g + 49 + 16. Is g a prime number?
True
Let o = 9059 - 5980. Is o composite?
False
Suppose 670 = -6*s + 3*s + t, 15 = -3*t. Let g = s + 367. Is g a prime number?
False
Suppose 2*f + 4*s = 982, -f + 3*s = 2*s - 491. Let c = f + 62. Is c composite?
True
Let h(v) = v**2 + 8*v + 14. Let c(j) = j**2 + 7*j + 15. Let g be c(-6). Is h(g) composite?
False
Is (-2*31754/10)/((-40)/100) prime?
True
Let p = 612 - 209. Is p a composite number?
True
Let j(y) = -2045*y**2 - 11*y + 3. Let g(s) = 682*s**2 + 4*s - 1. Let b(o) = -11*g(o) - 4*j(o). Is b(-1) a prime number?
True
Let d(a) = -94*a**2 - 9*a + 2. Let q be d(-4). Let o = q - -532. Let x = o - -2033. Is x prime?
False
Let x = 111 - 42. Suppose 4*j - 5*j = -x. Is j a composite number?
True
Let z(o) = -o**3 - 5*o**2 - 2*o - 2. Let h be z(-2). Let d = 105 + h. Is d a prime number?
False
Let v be 16/10*585/(-13). Is (-16)/v - (-529)/9 composite?
False
Suppose -5*d + 61*v = 59*v - 87327, d + v = 17471. Is d a prime number?
True
Suppose 5*x - 5*n = -5, x - 3*x = -4*n + 12. Let o be 48/(-4) + x/(-2). Is (o/8)/((-1)/4) a composite number?
False
Let x(s) be the first derivative of 7*s**4/4 - 2*s**3/3 - 13*s**2/2 - 9*s - 23. Is x(5) composite?
False
Suppose -2*q = -0*d - 3*d + 15, -17 = 2*q - 5*d. Is 9130/8 - q/(-24) prime?
False
Let q(g) be the third derivative of 31*g**4/6 - 29*g**3/6 - 52*g**2. Is q(15) a composite number?
False
Let b be 111/(-21) + (-4)/(-14). Let w(r) = r + 10. Let f be w(b). Suppose 3*x + 66 = 4*d + 5*x, 4*d + f*x - 51 = 0. Is d a prime number?
True
Is 21/(-14)*-2 - -46960 a composite number?
True
Let z(b) = -2*b + 8. Let d be z(-6). Let f be 39/(-5) + (-4)/d. Is ((-935)/(-20))/((-2)/f) a prime number?
False
Let q be (2/3)/((-1)/(-3)). Let g be (-1331)/(-7) + q/(-14). Suppose -k + 2*u + 79 = 0, 4*u - g = -6*k + 4*k. Is k composite?
True
Let y(g) = -g + 73. Let z be y(21). Suppose -53*b + z*b = -139. Is b a prime number?
True
Suppose -5 = -3*g + 8*g, -3*t + 4088 = -5*g. Is t prime?
True
Suppose 4*h - 23 = 4*x - 7, -3*x = 4*h - 23. Is -309*1*(-2 + x) a prime number?
False
Let u(g) = g**2 - 5*g + 3. Let f be u(5). Suppose 6*i - f*i - 537 = 0. Is i a prime number?
True
Suppose -146964 - 254094 = -54*g. Is g prime?
False
Suppose -6*d + 44871 = -19563. Is d a composite number?
False
Let y = 6 - 3. Let k(m) = 3*m**2 - 4*m + 1. Let j be k(y). Suppose 4*a + j - 212 = 0. Is a a composite number?
True
Let t(l) = 16*l - 17. Let v be t(17). Let y be (-4 + 7)/(3/4). Suppose 3*z = g - 45 + 315, y*g = -3*z + v. Is z composite?
False
Let s = -14659 - -35486. Is s a prime number?
False
Let d = -1 - 3. Let s(z) be the third derivative of -z**6/120 + z**5/20 - z**3/6 + z**2. Is s(d) a prime number?
False
Let f(x) = 115*x**2 + 30*x - 3. Is f(16) prime?
True
Suppose -4*l + 1240 = -0*h - 3*h, -3*l = -4*h - 937. Suppose -2*i = -g - 1726 + l, 0 = -i + 2*g + 717. Is i a prime number?
False
Let y(u) = -2*u**2 - 43*u - 2. Let r be y(-22). Let s(f) = -f**3 - 23*f**2 - 34*f - 11. Is s(r) a composite number?
False
Suppose 250 + 532 = 2*u. Suppose m + 0*m = u. Is m a composite number?
True
Let p = 63 - 60. Suppose -p*v = v - 796. Is v a composite number?
False
Let y(s) = 52*s**2 + 2. Let l be y(2). Suppose 0 = -4*x - 183 + 683. Let d = l - x. Is d a composite number?
True
Suppose 3*y - 5*y = -40. Let u be (-8)/y - 2/(-5). Suppose 0 = -u*j - 4*j + 76. Is j a prime number?
True
Let r = 339 + 10900. Is r prime?
True
Suppose -2*r = -t - 2443 - 2141, 5*t = 10. Is r composite?
False
Suppose 4*t + 4*n - 32 = 0, -t - 2*n + 1 = -4*t. Suppose t*x - 6*x + 93 = 0. Is x a composite number?
False
Let w(p) = 178*p**3 + 2*p**2 + p. Let y = -17 - -19. Let r be w(y). Let n = -475 + r. Is n composite?
True
Suppose -b - 4*s = -6, 9 = 4*s + 1. Is (b/2)/((-4)/(2*166)) composite?
False
Suppose 3*w - 22 = w. Suppose 21 = 5*i - t, -t + 35 = 4*i + w. Suppose -i*m + 205 = -370. Is m a prime number?
False
Let q = 65 - 65. Suppose -5*i = -j - 1977, 5*i - 3*j - 1103 - 878 = q. Is i composite?
True
Suppose 5*l = 2*a - 17764, 7*a - 8889 = 6*a - l. Is a a prime number?
True
Suppose d - 3342 = k, -k - 3215 - 3470 = -2*d. Is d a composite number?
False
Suppose 3*b + b + 1624 = 0. Let k = 600 + b. Is k a prime number?
False
Suppose 7*p = 10675 + 315. Suppose -p = 25*s - 27*s. Is s composite?
True
Is ((-117)/(-26) - 6)/(6/(-56572)) prime?
True
Let t be ((-30)/(-1))/(9/12). Is (1068/t)/(12/10)*12 a prime number?
False
Let i = 12